ulate the remainder when 227 is divided by 19.
18
What is the remainder when 444 is divided by 29?
9
What is the remainder when 29 is divided by 15?
14
Calculate the remainder when 190 is divided by 47.
2
Calculate the remainder when 1052 is divided by 39.
38
Calculate the remainder when 261 is divided by 49.
16
What is the remainder when 112 is divided by 23?
20
What is the remainder when 495 is divided by 71?
69
Calculate the remainder when 3272 is divided by 25.
22
What is the remainder when 941 is divided by 135?
131
Calculate the remainder when 198 is divided by 79.
40
What is the remainder when 993 is divided by 5?
3
Calculate the remainder when 28 is divided by 18.
10
What is the remainder when 1406 is divided by 11?
9
Calculate the remainder when 3898 is divided by 83.
80
Calculate the remainder when 438 is divided by 99.
42
Calculate the remainder when 22258 is divided by 159.
157
Calculate the remainder when 48 is divided by 14.
6
Calculate the remainder when 165 is divided by 19.
13
Calculate the remainder when 256 is divided by 41.
10
Calculate the remainder when 2218 is divided by 59.
35
Calculate the remainder when 89 is divided by 3.
2
What is the remainder when 2222 is divided by 89?
86
What is the remainder when 5 is divided by 5?
0
Calculate the remainder when 472 is divided by 20.
12
Calculate the remainder when 173 is divided by 44.
41
Calculate the remainder when 1722 is divided by 19.
12
Calculate the remainder when 502 is divided by 14.
12
Calculate the remainder when 510 is divided by 133.
111
Calculate the remainder when 39 is divided by 25.
14
What is the remainder when 376 is divided by 7?
5
Calculate the remainder when 636 is divided by 106.
0
What is the remainder when 97 is divided by 8?
1
What is the remainder when 57 is divided by 8?
1
What is the remainder when 552 is divided by 62?
56
What is the remainder when 6431 is divided by 33?
29
What is the remainder when 21 is divided by 15?
6
Calculate the remainder when 69 is divided by 15.
9
What is the remainder when 165 is divided by 14?
11
What is the remainder when 1090 is divided by 137?
131
What is the remainder when 2584 is divided by 5?
4
Calculate the remainder when 765 is divided by 77.
72
Calculate the remainder when 353 is divided by 59.
58
What is the remainder when 779 is divided by 17?
14
What is the remainder when 539 is divided by 129?
23
What is the remainder when 263 is divided by 103?
57
What is the remainder when 1107 is divided by 15?
12
What is the remainder when 524 is divided by 33?
29
What is the remainder when 22 is divided by 15?
7
Calculate the remainder when 505 is divided by 497.
8
Calculate the remainder when 394 is divided by 54.
16
What is the remainder when 2747 is divided by 44?
19
What is the remainder when 6320 is divided by 12?
8
What is the remainder when 3463 is divided by 15?
13
Calculate the remainder when 522 is divided by 25.
22
What is the remainder when 338 is divided by 171?
167
Calculate the remainder when 664 is divided by 61.
54
What is the remainder when 499 is divided by 8?
3
Calculate the remainder when 1700 is divided by 23.
21
Calculate the remainder when 4078 is divided by 240.
238
What is the remainder when 64 is divided by 33?
31
What is the remainder when 460 is divided by 114?
4
Calculate the remainder when 3205 is divided by 230.
215
What is the remainder when 48022 is divided by 174?
172
What is the remainder when 106 is divided by 18?
16
Calculate the remainder when 640 is divided by 43.
38
Calculate the remainder when 2809 is divided by 42.
37
What is the remainder when 8423 is divided by 25?
23
Calculate the remainder when 41 is divided by 10.
1
Calculate the remainder when 1546 is divided by 32.
10
Calculate the remainder when 21719 is divided by 120.
119
What is the remainder when 1055 is divided by 46?
43
Calculate the remainder when 46 is divided by 27.
19
What is the remainder when 843 is divided by 5?
3
What is the remainder when 114 is divided by 29?
27
What is the remainder when 1395 is divided by 11?
9
What is the remainder when 502 is divided by 14?
12
Calculate the remainder when 296 is divided by 76.
68
What is the remainder when 166 is divided by 59?
48
Calculate the remainder when 113 is divided by 58.
55
Calculate the remainder when 77 is divided by 24.
5
Calculate the remainder when 6084 is divided by 1519.
8
Calculate the remainder when 459 is divided by 36.
27
What is the remainder when 12649 is divided by 4214?
7
Calculate the remainder when 2720 is divided by 7.
4
Calculate the remainder when 13604 is divided by 5.
4
Calculate the remainder when 419 is divided by 35.
34
What is the remainder when 2519 is divided by 42?
41
Calculate the remainder when 853 is divided by 43.
36
Calculate the remainder when 180 is divided by 53.
21
Calculate the remainder when 593 is divided by 286.
21
Calculate the remainder when 36 is divided by 28.
8
Calculate the remainder when 2604 is divided by 38.
20
Calculate the remainder when 2010 is divided by 61.
58
What is the remainder when 3145 is divided by 32?
9
Calculate the remainder when 10093 is divided by 45.
13
What is the remainder when 8517 is divided by 2837?
6
What is the remainder when 268 is divided by 82?
22
Calculate the remainder when 2580 is divided by 17.
13
What is the remainder when 1341 is divided by 224?
221
Calculate the remainder when 3418 is divided by 58.
54
Calculate the remainder when 322 is divided by 18.
16
What is the remainder when 1490 is divided by 21?
20
Calculate the remainder when 3099 is divided by 194.
189
Calculate the remainder when 245 is divided by 51.
41
What is the remainder when 51 is divided by 15?
6
Calculate the remainder when 411 is divided by 69.
66
What is the remainder when 282 is divided by 36?
30
Calculate the remainder when 267 is divided by 93.
81
What is the remainder when 29 is divided by 18?
11
Calculate the remainder when 144 is divided by 31.
20
What is the remainder when 7956 is divided by 10?
6
What is the remainder when 1034 is divided by 257?
6
Calculate the remainder when 676 is divided by 114.
106
What is the remainder when 140 is divided by 12?
8
What is the remainder when 76 is divided by 52?
24
What is the remainder when 373 is divided by 90?
13
Calculate the remainder when 1754 is divided by 135.
134
What is the remainder when 21095 is divided by 36?
35
What is the remainder when 287 is divided by 104?
79
What is the remainder when 1295 is divided by 42?
35
Calculate the remainder when 830 is divided by 204.
14
What is the remainder when 1321 is divided by 148?
137
What is the remainder when 77 is divided by 8?
5
What is the remainder when 153 is divided by 18?
9
What is the remainder when 420 is divided by 9?
6
What is the remainder when 225 is divided by 6?
3
What is the remainder when 143 is divided by 48?
47
What is the remainder when 411 is divided by 100?
11
Calculate the remainder when 2497 is divided by 25.
22
Calculate the remainder when 207 is divided by 24.
15
What is the remainder when 1118 is divided by 14?
12
Calculate the remainder when 316 is divided by 50.
16
What is the remainder when 40420 is divided by 487?
486
What is the remainder when 57 is divided by 49?
8
Calculate the remainder when 1770 is divided by 253.
252
Calculate the remainder when 293 is divided by 11.
7
What is the remainder when 2405 is divided by 10?
5
Calculate the remainder when 2136 is divided by 155.
121
Calculate the remainder when 297 is divided by 17.
8
What is the remainder when 453 is divided by 12?
9
Calculate the remainder when 743 is divided by 219.
86
Calculate the remainder when 717 is divided by 72.
69
Calculate the remainder when 140 is divided by 135.
5
Calculate the remainder when 235 is divided by 80.
75
Calculate the remainder when 88 is divided by 15.
13
Calculate the remainder when 384 is divided by 7.
6
What is the remainder when 758 is divided by 110?
98
Calculate the remainder when 53 is divided by 46.
7
Calculate the remainder when 170 is divided by 18.
8
What is the remainder when 2328 is divided by 137?
136
What is the remainder when 1695 is divided by 561?
12
What is the remainder when 528 is divided by 13?
8
Calculate the remainder when 394 is divided by 18.
16